d 108?
4
Let u = -20 - -22. Let y be 1/(u/124) - 2. What is the greatest common divisor of 30 and y?
30
Let b = 4 + -6. Let w be (2 - 0)*(b + 12). Suppose -5*k = 2*z - 9 - 12, 0 = -4*k + 4*z + 28. What is the highest common divisor of w and k?
5
Suppose p + 5 = 3*p + 5*z, z = -5*p + 1. Suppose p - 16 = -4*d, 3*m + 2*d = 14. Calculate the highest common divisor of 4 and m.
2
Let a be (-33)/(-12) + (-2)/(-8). Suppose a = -0*q + q. What is the greatest common factor of 27 and q?
3
Let r = -197 + 305. Calculate the highest common divisor of 81 and r.
27
Let d(t) = -t**3 + 5*t**2 - 2*t + 2. Let n be d(3). Suppose 0 = -9*x + n*x - 480. Calculate the highest common divisor of x and 12.
12
Let d be (-38)/14 - 4/14. Let f(g) = -g + 8. Let y be f(0). Let p be y/d*(-27)/6. What is the greatest common divisor of 6 and p?
6
Let g = 70 - 25. Let f be ((3 - 7) + 5)*9. What is the highest common divisor of f and g?
9
Let l be 16*(-25)/(-20)*4. What is the greatest common factor of 16 and l?
16
Let k be 1*3 + (-21)/((-84)/40). What is the greatest common divisor of k and 143?
13
Let f = 3 - 1. Suppose f*w - x + 0*x = 60, -w = -3*x - 20. Calculate the highest common factor of 8 and w.
8
Let f be 0/(3/6*-4). Suppose -d - 1 + 29 = f. What is the highest common factor of 4 and d?
4
Let t(d) = d**2 + 3*d + 6. Let s be t(-5). Let r(u) = 0*u + 0*u**2 - u + u**2 + 2 - 6. Let n be r(-3). Calculate the highest common factor of s and n.
8
Suppose -2*v + 8 = 2. Let a(p) = 15*p**3 - 2*p**2 + 2. Let y be a(1). What is the greatest common divisor of y and v?
3
Let g be ((-8)/12)/((-4)/138). Suppose 5*d - 5*y = 3 - g, 22 = 2*d + 4*y. Let m be 5 + ((-4)/(-2))/d. Calculate the highest common divisor of m and 7.
7
Let v be ((2 - 14) + 3)*-5. Let k be 10*(-2)/(4/(-3)). What is the highest common divisor of v and k?
15
Let f be 3/1*1 + 0. What is the greatest common factor of f and 24?
3
Suppose -8*n = n - 162. Let h(p) = -4*p**3 - 3*p**2 - 2*p + 3. Let g be h(-3). What is the highest common factor of n and g?
18
Let p be 2/(-3)*39*-1. What is the greatest common divisor of 39 and p?
13
Let r = -19 - -79. Calculate the greatest common divisor of r and 30.
30
Suppose 150 = 2*q + 3*q. What is the greatest common factor of q and 12?
6
Let c = 13 + 8. Suppose 4*v = 3*d, d - 6*d + 14 = -2*v. Calculate the greatest common divisor of c and v.
3
Suppose -4*v = -v + 84. Let x = -16 - v. What is the highest common factor of x and 4?
4
Suppose 2*z + 15 = 5*z. Let i = 0 + z. Let r be 38/4 - 1/(-2). Calculate the greatest common divisor of r and i.
5
Let f be 2*(2 - 8)/(-3). Suppose -3*p - 19 = 5*c - 7*p, f = 4*p. Let n be 1/(9/(-6))*c. What is the greatest common divisor of n and 22?
2
Let z(s) = s**2 - 2*s - 2. Let x be z(4). Let i = -2 - -3. What is the greatest common factor of i and x?
1
Suppose 4*m = 133 + 71. Calculate the highest common factor of m and 85.
17
Let v = 12 + -4. Suppose -9 = v*n - 11*n. Calculate the greatest common divisor of 33 and n.
3
Suppose 2 = 5*v + 12. Let g be v + (-2 - (1 - 14)). Calculate the highest common divisor of g and 99.
9
Suppose 0 = f + 2*f - 60. Suppose g = -4*u + 17, 0 = -u - 4*u + 3*g. Let c be (-66)/(-8) - u/12. What is the highest common divisor of c and f?
4
Let f = -7 + 10. Let z(v) = 26*v + 1. Let u be z(1). Suppose -5*r + 2*r + u = 0. What is the highest common factor of r and f?
3
Suppose 60 = 5*r - 3*r + 4*f, -3*f = 3*r - 105. Let d = 8 - -2. What is the highest common divisor of r and d?
10
Let s(b) be the second derivative of -b**5/20 - b**4/2 - 4*b**3/3 - 2*b**2 + 3*b. Let j be s(-5). What is the greatest common factor of j and 121?
11
Let y be (-36)/(-2*1/4). Calculate the highest common divisor of 9 and y.
9
Let s be (0 + 20/2)*1. What is the greatest common divisor of 10 and s?
10
Let g be 4 + 2 + -1 + 23. What is the greatest common divisor of g and 308?
28
Suppose 4*p + p - 40 = 0. What is the highest common divisor of 56 and p?
8
Let x = 108 + -59. Let y(s) = s**3 + 16*s**2 + s + 23. Let w be y(-16). What is the greatest common divisor of w and x?
7
Let l be (-2)/((1/69)/(4/(-8))). What is the greatest common factor of l and 23?
23
Let p be (-30)/4*(-16)/10. Let c = -11 + 6. Let v(h) = -h**3 - h**2 - 3*h - 7. Let x be v(c). Calculate the greatest common divisor of p and x.
12
Let i = 208 + -120. Suppose 4*f - 6*l + 3*l - 156 = 0, -3*f = 5*l - i. What is the greatest common divisor of f and 9?
9
Let i(z) = -z**3 + 4*z**2 + 5*z. Let t be i(5). Suppose 0 = -2*u - t*u + 2, -5*u = -4*k + 43. What is the greatest common divisor of 4 and k?
4
Let j be ((-99)/(-3))/(-1)*-1. What is the greatest common factor of 11 and j?
11
Suppose -2*o + 21 = -c, -o + 5 = -2*c - 1. Calculate the greatest common divisor of o and 108.
12
Let w = 62 + 26. What is the highest common divisor of 22 and w?
22
Let i(o) = 2*o**2 + 8*o + 5. Let m be i(-5). Suppose 17 = -5*g - 38. Let n = m - g. What is the highest common factor of 65 and n?
13
Let n = 16 - 40. Let g be (1/2)/((-2)/n). Suppose 4*l + 4*m = 56, -2*m - m = -g. What is the greatest common factor of l and 60?
12
Let k(j) = -22*j - 6. Let f be k(12). Let w = 486 + f. Suppose -3*u + 5*u = 48. What is the highest common factor of w and u?
24
Let g be 4/(-6) + 770/30. Let f be ((-20)/g)/((-2)/40). Let n(o) = -o**3 + 5*o**2 + o - 3. Let b be n(5). What is the greatest common factor of f and b?
2
Let t(o) = -o**3 - 4*o**2 + 9*o + 1. Let c be t(-6). Let u(d) = 5*d**2 + 7*d + 5. Let s be u(-4). What is the greatest common divisor of c and s?
19
Let p(y) = -y**3 + 6*y**2 + 4*y - 14. Let c be p(6). What is the highest common divisor of c and 110?
10
Suppose 3 = -i + b - 3, 9 = -2*i + b. Let m be 922/6 + (-1)/i. Let o be (-57)/(-4) + (-3)/12. Calculate the highest common factor of m and o.
14
Let z(u) = -u**3 - 5*u**2 - 7*u - 3. Let j be z(-3). Suppose -2*r + 10 = 2*p - 2, 2*r - 2*p + 4 = j. Calculate the highest common factor of r and 2.
2
Let z be (-1953)/(-15) - 3/15. What is the highest common divisor of 52 and z?
26
Let g be 0/(-2) + -19 + 32. What is the highest common factor of g and 104?
13
Let f(s) = 6*s. Let l be f(1). Let t be (-4)/l + 262/6. Suppose t + 209 = 4*r. Calculate the greatest common factor of r and 7.
7
Let u be -2 + (-2 - -1)/(-1). Let q be (u + -1)*(0 - 3). Calculate the greatest common divisor of 36 and q.
6
Suppose -5*t = 3*f - t + 1677, -5*t + 2760 = -5*f. Let w be 2/(-8) - f/12. Let l be (-4)/(-22) + (-757)/(-11). What is the greatest common divisor of l and w?
23
Let a(x) = 201*x**3 - x**2. Let k be a(1). Let r be 152/6 + 3/(-9). What is the greatest common factor of k and r?
25
Let v(l) = -l**3 - 8*l**2 - l - 4. Let k be v(-8). Suppose -5*d + 17 = -2*m, 0*d - k*m - 7 = -d. What is the highest common factor of d and 3?
3
Suppose -12*c = -13*c + 6. Let m(l) = 9*l**2 + 0*l**3 + 7*l + 2*l**3 - l**3. Let i be m(-6). Calculate the greatest common factor of i and c.
6
Let i be 5929/91 + 2/(-13). Calculate the highest common divisor of 13 and i.
13
Let r be ((-2)/2)/((-3)/(-9)). Let h be (-4)/r - 1/3. Let u be -2 - (-1 + h) - -22. What is the greatest common divisor of u and 8?
4
Suppose -2*n - 22 = -4*m, -2*n - 2*n - 20 = -2*m. Let l be (-1 + m)/(3/22). Let f = 215 + -105. Calculate the greatest common divisor of f and l.
22
Suppose -2*x + 0*x = -5*z - 165, -2*z = 4*x - 294. Calculate the highest common divisor of x and 15.
15
Suppose 2*u - 20 = 14. Suppose 5*z + 20 = 2*k - u, 4*k = 4*z + 44. Calculate the highest common factor of k and 42.
6
Let r(v) = -v + 8. Let q be r(4). Let o be 120*1*3/q. Suppose -2*m = 4*i - 32, -5*m = 2*i - 6*i - 38. Calculate the highest common factor of m and o.
10
Let t(s) = -2*s**3 - 11*s**2 + 2*s - 12. Let x be t(-6). Calculate the greatest common factor of 24 and x.
12
Suppose -t + 4*t = 0. Suppose -5*h = t, -5*x = 2*h - 4*h - 240. What is the highest common factor of 6 and x?
6
Let b = -13 - -33. What is the greatest common divisor of 4 and b?
4
Let b be (36/14)/(180/56 - 3). What is the highest common factor of b and 12?
12
Let d = 85 + -140. Let k = -39 - d. What is the greatest common divisor of k and 112?
16
Let f(u) = u**2 - 5*u - 7. Let r be f(7). Suppose q - 95 + r = 0. Calculate the highest common divisor of 11 and q.
11
Let z be (-4 - 16/6)*-3. C